{"id":162,"date":"2021-02-22T15:47:27","date_gmt":"2021-02-22T15:47:27","guid":{"rendered":"http:\/\/www.anfangola.com\/?page_id=162"},"modified":"2023-04-06T15:07:38","modified_gmt":"2023-04-06T15:07:38","slug":"documentos","status":"publish","type":"page","link":"https:\/\/www.anfangola.com\/?page_id=162","title":{"rendered":"Documentos"},"content":{"rendered":"\n<p><a href=\"http:\/\/www.anfangola.com\/wp-content\/uploads\/2023\/04\/ANFA-ESTATUTOS-OFICIAIS...-APROVADA-EM-AG.pdf\" data-type=\"URL\">Estatutos da ANFA<\/a><\/p>\n\n\n\n<p><a href=\"https:\/\/www.anfangola.com\/wp-content\/uploads\/2021\/02\/Anfa-Faz-te-socio.pdf\" data-type=\"URL\" data-id=\"https:\/\/www.anfangola.com\/wp-content\/uploads\/2021\/02\/Anfa-Faz-te-socio.pdf\">Faz-te S\u00f3cio<\/a><\/p>\n\n\n\n<p><a href=\"http:\/\/www.anfangola.com\/wp-content\/uploads\/2021\/07\/ANFA-Formula\u0301rio-de-Adesao-de-Associados.-A.pdf\" data-type=\"URL\">Formul\u00e1rio de Ades\u00e3o de Membro Modelo A<\/a><\/p>\n\n\n\n<p><a href=\"http:\/\/www.anfangola.com\/wp-content\/uploads\/2021\/07\/ANFA-Formula\u0301rio-de-Adesao-de-Associados.-B.pdf\" data-type=\"URL\">Formul\u00e1rio de Ades\u00e3o de Membro Modelo B<\/a><\/p>\n","protected":false},"excerpt":{"rendered":"<p>Estatutos da ANFA Faz-te S\u00f3cio Formul\u00e1rio de Ades\u00e3o de Membro Modelo A Formul\u00e1rio de Ades\u00e3o&#8230;<\/p>\n","protected":false},"author":1,"featured_media":0,"parent":0,"menu_order":0,"comment_status":"closed","ping_status":"closed","template":"","meta":[],"_links":{"self":[{"href":"https:\/\/www.anfangola.com\/index.php?rest_route=\/wp\/v2\/pages\/162"}],"collection":[{"href":"https:\/\/www.anfangola.com\/index.php?rest_route=\/wp\/v2\/pages"}],"about":[{"href":"https:\/\/www.anfangola.com\/index.php?rest_route=\/wp\/v2\/types\/page"}],"author":[{"embeddable":true,"href":"https:\/\/www.anfangola.com\/index.php?rest_route=\/wp\/v2\/users\/1"}],"replies":[{"embeddable":true,"href":"https:\/\/www.anfangola.com\/index.php?rest_route=%2Fwp%2Fv2%2Fcomments&post=162"}],"version-history":[{"count":4,"href":"https:\/\/www.anfangola.com\/index.php?rest_route=\/wp\/v2\/pages\/162\/revisions"}],"predecessor-version":[{"id":1892,"href":"https:\/\/www.anfangola.com\/index.php?rest_route=\/wp\/v2\/pages\/162\/revisions\/1892"}],"wp:attachment":[{"href":"https:\/\/www.anfangola.com\/index.php?rest_route=%2Fwp%2Fv2%2Fmedia&parent=162"}],"curies":[{"name":"wp","href":"https:\/\/api.w.org\/{rel}","templated":true}]}}